{"id":9,"date":"2017-05-26T22:41:27","date_gmt":"2017-05-26T22:41:27","guid":{"rendered":"http:\/\/www.fit-in-au.de\/fia\/?page_id=9"},"modified":"2026-01-30T14:40:37","modified_gmt":"2026-01-30T14:40:37","slug":"praxis","status":"publish","type":"page","link":"https:\/\/www.fit-in-au.de\/fia\/praxis\/","title":{"rendered":"Praxis"},"content":{"rendered":"<p><span style=\"text-decoration: underline;\"><strong>Unser Praxis-Team:<br \/>\n<\/strong><\/span><strong>Eva Huber (Inh.)<br \/>\nMasseurin und med. Bademeisterin, Physiotherapeutin und <img loading=\"lazy\" decoding=\"async\" class=\"wp-image-534 alignleft\" src=\"https:\/\/www.fit-in-au.de\/fia\/wp-content\/uploads\/2024\/10\/Profilbild-Eva-260x300.jpg\" alt=\"\" width=\"116\" height=\"134\" srcset=\"https:\/\/www.fit-in-au.de\/fia\/wp-content\/uploads\/2024\/10\/Profilbild-Eva-260x300.jpg 260w, https:\/\/www.fit-in-au.de\/fia\/wp-content\/uploads\/2024\/10\/Profilbild-Eva-886x1024.jpg 886w, https:\/\/www.fit-in-au.de\/fia\/wp-content\/uploads\/2024\/10\/Profilbild-Eva-768x887.jpg 768w, https:\/\/www.fit-in-au.de\/fia\/wp-content\/uploads\/2024\/10\/Profilbild-Eva-1330x1536.jpg 1330w, https:\/\/www.fit-in-au.de\/fia\/wp-content\/uploads\/2024\/10\/Profilbild-Eva.jpg 1701w\" sizes=\"auto, (max-width: 116px) 100vw, 116px\" \/><br \/>\nHeilpraktikerin f\u00fcr Physiotherapie<\/strong><br \/>\n&#8211; Krankengymnastik allg. und am Ger\u00e4t<br \/>\n&#8211; Krankengymnastik-ZNS n. Bobath (Erw.)<br \/>\n&#8211; Manuelle Therapie<br \/>\n&#8211; Manuelle Lymphdrainage<\/p>\n<p>&#8211; Frauengesundheit in der Physiotherapie (in Fortbildung: der weibliche K\u00f6rper im Fokus)<br \/>\n&#8211; KISS Grundkurs (kindliche Sch\u00e4delasymmetrien und Entwicklungsverz\u00f6gerungen)<br \/>\n&#8211; erweiterte Kenntnisse in der S\u00e4uglingstherapie nach Vojta (ohne Zertifikat)<\/p>\n<p><strong>Marianne Weiser (seit 1. Juli 2020)<br \/>\nPhysiotherapeutin &#8211; Hausbesuche in Illertissen &amp; Ortsteil Au<br \/>\n<\/strong>&#8211; Krankengymnastik allg. und am Ger\u00e4t<br \/>\n&#8211; Manuelle Lymphdrainage<br \/>\nErweiterte Kenntnisse in:<br \/>\n&#8211; Neuro-Myo-Viscerofasciale Regulation<br \/>\n&#8211; Manuelle Medizin E1 &amp; E 2<br \/>\n&#8211; Mc Kenzie Teil A<\/p>\n<p><strong>Tobias Rapp (seit 1.9.2023 Masseur \/ 01.05.2025 Physiotherapeut)<\/strong><br \/>\n<strong>Masseur und med. Bademeister und Physiotherapeut<\/strong><br \/>\n&#8211; Manuelle Lymphdrainage<br \/>\n&#8211; Krankengymnastik allg.<br \/>\n&#8211; Manuelle Therapie (ab April 2026 &#8211; Fr\u00fchjahr 2028 in Fortbildung)<\/p>\n<hr \/>\n<p>Wir freuen uns Sie in unseren R\u00e4umlichkeiten in der Dorfstra\u00dfe 45 in Illertissen\/Au begr\u00fc\u00dfen zu d\u00fcrfen.<br \/>\n<strong><img loading=\"lazy\" decoding=\"async\" class=\"alignnone  wp-image-539\" src=\"https:\/\/www.fit-in-au.de\/fia\/wp-content\/uploads\/2024\/10\/Eingang-300x164.jpg\" alt=\"\" width=\"230\" height=\"126\" srcset=\"https:\/\/www.fit-in-au.de\/fia\/wp-content\/uploads\/2024\/10\/Eingang-300x164.jpg 300w, https:\/\/www.fit-in-au.de\/fia\/wp-content\/uploads\/2024\/10\/Eingang-1024x558.jpg 1024w, https:\/\/www.fit-in-au.de\/fia\/wp-content\/uploads\/2024\/10\/Eingang-768x419.jpg 768w, https:\/\/www.fit-in-au.de\/fia\/wp-content\/uploads\/2024\/10\/Eingang-1536x837.jpg 1536w, https:\/\/www.fit-in-au.de\/fia\/wp-content\/uploads\/2024\/10\/Eingang.jpg 1713w\" sizes=\"auto, (max-width: 230px) 100vw, 230px\" \/> <img loading=\"lazy\" decoding=\"async\" class=\"alignnone  wp-image-540\" src=\"https:\/\/www.fit-in-au.de\/fia\/wp-content\/uploads\/2024\/10\/Empfang-140x300.jpg\" alt=\"\" width=\"100\" height=\"214\" srcset=\"https:\/\/www.fit-in-au.de\/fia\/wp-content\/uploads\/2024\/10\/Empfang-140x300.jpg 140w, https:\/\/www.fit-in-au.de\/fia\/wp-content\/uploads\/2024\/10\/Empfang-478x1024.jpg 478w, https:\/\/www.fit-in-au.de\/fia\/wp-content\/uploads\/2024\/10\/Empfang-768x1645.jpg 768w, https:\/\/www.fit-in-au.de\/fia\/wp-content\/uploads\/2024\/10\/Empfang-717x1536.jpg 717w, https:\/\/www.fit-in-au.de\/fia\/wp-content\/uploads\/2024\/10\/Empfang.jpg 934w\" sizes=\"auto, (max-width: 100px) 100vw, 100px\" \/> <img loading=\"lazy\" decoding=\"async\" class=\"alignnone  wp-image-538\" src=\"https:\/\/www.fit-in-au.de\/fia\/wp-content\/uploads\/2024\/10\/Berge-Stand-Zimmer-140x300.jpg\" alt=\"\" width=\"99\" height=\"213\" srcset=\"https:\/\/www.fit-in-au.de\/fia\/wp-content\/uploads\/2024\/10\/Berge-Stand-Zimmer-140x300.jpg 140w, https:\/\/www.fit-in-au.de\/fia\/wp-content\/uploads\/2024\/10\/Berge-Stand-Zimmer-478x1024.jpg 478w, https:\/\/www.fit-in-au.de\/fia\/wp-content\/uploads\/2024\/10\/Berge-Stand-Zimmer-768x1645.jpg 768w, https:\/\/www.fit-in-au.de\/fia\/wp-content\/uploads\/2024\/10\/Berge-Stand-Zimmer-717x1536.jpg 717w, https:\/\/www.fit-in-au.de\/fia\/wp-content\/uploads\/2024\/10\/Berge-Stand-Zimmer.jpg 934w\" sizes=\"auto, (max-width: 99px) 100vw, 99px\" \/> <img loading=\"lazy\" decoding=\"async\" class=\"alignnone  wp-image-546\" src=\"https:\/\/www.fit-in-au.de\/fia\/wp-content\/uploads\/2024\/10\/Wald-Zimmer-140x300.jpg\" alt=\"\" width=\"99\" height=\"212\" srcset=\"https:\/\/www.fit-in-au.de\/fia\/wp-content\/uploads\/2024\/10\/Wald-Zimmer-140x300.jpg 140w, https:\/\/www.fit-in-au.de\/fia\/wp-content\/uploads\/2024\/10\/Wald-Zimmer-478x1024.jpg 478w, https:\/\/www.fit-in-au.de\/fia\/wp-content\/uploads\/2024\/10\/Wald-Zimmer-768x1645.jpg 768w, https:\/\/www.fit-in-au.de\/fia\/wp-content\/uploads\/2024\/10\/Wald-Zimmer-717x1536.jpg 717w, https:\/\/www.fit-in-au.de\/fia\/wp-content\/uploads\/2024\/10\/Wald-Zimmer.jpg 934w\" sizes=\"auto, (max-width: 99px) 100vw, 99px\" \/> <img loading=\"lazy\" decoding=\"async\" class=\"alignnone  wp-image-541\" src=\"https:\/\/www.fit-in-au.de\/fia\/wp-content\/uploads\/2024\/10\/Kinder-Wald-Zimmer-140x300.jpg\" alt=\"\" width=\"99\" height=\"212\" srcset=\"https:\/\/www.fit-in-au.de\/fia\/wp-content\/uploads\/2024\/10\/Kinder-Wald-Zimmer-140x300.jpg 140w, https:\/\/www.fit-in-au.de\/fia\/wp-content\/uploads\/2024\/10\/Kinder-Wald-Zimmer-478x1024.jpg 478w, https:\/\/www.fit-in-au.de\/fia\/wp-content\/uploads\/2024\/10\/Kinder-Wald-Zimmer-768x1645.jpg 768w, https:\/\/www.fit-in-au.de\/fia\/wp-content\/uploads\/2024\/10\/Kinder-Wald-Zimmer-717x1536.jpg 717w, https:\/\/www.fit-in-au.de\/fia\/wp-content\/uploads\/2024\/10\/Kinder-Wald-Zimmer.jpg 934w\" sizes=\"auto, (max-width: 99px) 100vw, 99px\" \/> <img loading=\"lazy\" decoding=\"async\" class=\"alignnone  wp-image-542\" src=\"https:\/\/www.fit-in-au.de\/fia\/wp-content\/uploads\/2024\/10\/Kinder-Wald-Zimmer1-300x140.jpg\" alt=\"\" width=\"206\" height=\"96\" srcset=\"https:\/\/www.fit-in-au.de\/fia\/wp-content\/uploads\/2024\/10\/Kinder-Wald-Zimmer1-300x140.jpg 300w, https:\/\/www.fit-in-au.de\/fia\/wp-content\/uploads\/2024\/10\/Kinder-Wald-Zimmer1-1024x478.jpg 1024w, https:\/\/www.fit-in-au.de\/fia\/wp-content\/uploads\/2024\/10\/Kinder-Wald-Zimmer1-768x359.jpg 768w, https:\/\/www.fit-in-au.de\/fia\/wp-content\/uploads\/2024\/10\/Kinder-Wald-Zimmer1-1536x717.jpg 1536w, https:\/\/www.fit-in-au.de\/fia\/wp-content\/uploads\/2024\/10\/Kinder-Wald-Zimmer1.jpg 2000w\" sizes=\"auto, (max-width: 206px) 100vw, 206px\" \/> <img loading=\"lazy\" decoding=\"async\" class=\"alignnone  wp-image-543\" src=\"https:\/\/www.fit-in-au.de\/fia\/wp-content\/uploads\/2024\/10\/Luna-Sensopro-140x300.jpg\" alt=\"\" width=\"106\" height=\"227\" srcset=\"https:\/\/www.fit-in-au.de\/fia\/wp-content\/uploads\/2024\/10\/Luna-Sensopro-140x300.jpg 140w, https:\/\/www.fit-in-au.de\/fia\/wp-content\/uploads\/2024\/10\/Luna-Sensopro-478x1024.jpg 478w, https:\/\/www.fit-in-au.de\/fia\/wp-content\/uploads\/2024\/10\/Luna-Sensopro-717x1536.jpg 717w, https:\/\/www.fit-in-au.de\/fia\/wp-content\/uploads\/2024\/10\/Luna-Sensopro.jpg 747w\" sizes=\"auto, (max-width: 106px) 100vw, 106px\" \/> <img loading=\"lazy\" decoding=\"async\" class=\"alignnone  wp-image-545\" src=\"https:\/\/www.fit-in-au.de\/fia\/wp-content\/uploads\/2024\/10\/Total-Gym-140x300.jpg\" alt=\"\" width=\"106\" height=\"227\" srcset=\"https:\/\/www.fit-in-au.de\/fia\/wp-content\/uploads\/2024\/10\/Total-Gym-140x300.jpg 140w, https:\/\/www.fit-in-au.de\/fia\/wp-content\/uploads\/2024\/10\/Total-Gym-478x1024.jpg 478w, https:\/\/www.fit-in-au.de\/fia\/wp-content\/uploads\/2024\/10\/Total-Gym-768x1645.jpg 768w, https:\/\/www.fit-in-au.de\/fia\/wp-content\/uploads\/2024\/10\/Total-Gym-717x1536.jpg 717w, https:\/\/www.fit-in-au.de\/fia\/wp-content\/uploads\/2024\/10\/Total-Gym.jpg 934w\" sizes=\"auto, (max-width: 106px) 100vw, 106px\" \/><\/strong><\/p>\n<p><strong>Parkm\u00f6glichkeiten:<br \/>\n<\/strong>3 Stellpl\u00e4tze befinden sich hinter dem Geb\u00e4ude auf einem Privatgrundst\u00fcck<br \/>\n(geschotterte Fl\u00e4che auf der linken Seite &#8211; die rechte Seite ist f\u00fcr unsere Mitarbeiter \/ Eigent\u00fcmer reserviert)<br \/>\n&#8211; Zufahrt ist auf der S\u00fcdseite des Hauses (s. Laterne)<br \/>\nParken f\u00fcr Patienten und Berechtigte. Bitte in Schritttempo fahren.<br \/>\nBetreten und Befahren auf eigene Gefahr. F\u00fcr Sach- und K\u00f6rpersch\u00e4den wird keine Haftung \u00fcbernommen!<br \/>\n(Kamera\u00fcberwachung DSGVO konform)<\/p>\n<p><img loading=\"lazy\" decoding=\"async\" class=\"alignnone size-medium wp-image-532\" src=\"https:\/\/www.fit-in-au.de\/fia\/wp-content\/uploads\/2024\/10\/Parkplatz-300x140.jpg\" alt=\"\" width=\"300\" height=\"140\" srcset=\"https:\/\/www.fit-in-au.de\/fia\/wp-content\/uploads\/2024\/10\/Parkplatz-300x140.jpg 300w, https:\/\/www.fit-in-au.de\/fia\/wp-content\/uploads\/2024\/10\/Parkplatz-1024x478.jpg 1024w, https:\/\/www.fit-in-au.de\/fia\/wp-content\/uploads\/2024\/10\/Parkplatz-768x359.jpg 768w, https:\/\/www.fit-in-au.de\/fia\/wp-content\/uploads\/2024\/10\/Parkplatz-1536x717.jpg 1536w, https:\/\/www.fit-in-au.de\/fia\/wp-content\/uploads\/2024\/10\/Parkplatz.jpg 2000w\" sizes=\"auto, (max-width: 300px) 100vw, 300px\" \/> <img loading=\"lazy\" decoding=\"async\" class=\"alignnone size-medium wp-image-533\" src=\"https:\/\/www.fit-in-au.de\/fia\/wp-content\/uploads\/2024\/10\/Parkplatz1-300x140.jpg\" alt=\"\" width=\"300\" height=\"140\" srcset=\"https:\/\/www.fit-in-au.de\/fia\/wp-content\/uploads\/2024\/10\/Parkplatz1-300x140.jpg 300w, https:\/\/www.fit-in-au.de\/fia\/wp-content\/uploads\/2024\/10\/Parkplatz1-1024x478.jpg 1024w, https:\/\/www.fit-in-au.de\/fia\/wp-content\/uploads\/2024\/10\/Parkplatz1-768x359.jpg 768w, https:\/\/www.fit-in-au.de\/fia\/wp-content\/uploads\/2024\/10\/Parkplatz1-1536x717.jpg 1536w, https:\/\/www.fit-in-au.de\/fia\/wp-content\/uploads\/2024\/10\/Parkplatz1.jpg 2000w\" sizes=\"auto, (max-width: 300px) 100vw, 300px\" \/><\/p>\n<p>Sollten diese Stellpl\u00e4tze belegt sein, bitte ich sie auf \u00f6ffentliche Stellpl\u00e4tze auszuweichen.<\/p>\n<p>Danke f\u00fcr ihr Verst\u00e4ndnis.<\/p>\n","protected":false},"excerpt":{"rendered":"<p>Unser Praxis-Team: Eva Huber (Inh.) Masseurin und med. Bademeisterin, Physiotherapeutin und Heilpraktikerin f\u00fcr Physiotherapie &#8211; Krankengymnastik allg. und am Ger\u00e4t &#8211; Krankengymnastik-ZNS n. Bobath (Erw.) &#8211; Manuelle Therapie &#8211; Manuelle Lymphdrainage &#8211; Frauengesundheit in der Physiotherapie (in Fortbildung: der weibliche K\u00f6rper im Fokus) &#8211; KISS Grundkurs (kindliche Sch\u00e4delasymmetrien und Entwicklungsverz\u00f6gerungen) &#8211; erweiterte Kenntnisse in der <a class=\"read-more\" href=\"https:\/\/www.fit-in-au.de\/fia\/praxis\/\">Read More<\/a><\/p>\n","protected":false},"author":1,"featured_media":0,"parent":0,"menu_order":0,"comment_status":"closed","ping_status":"closed","template":"","meta":{"footnotes":""},"class_list":["post-9","page","type-page","status-publish","hentry"],"_links":{"self":[{"href":"https:\/\/www.fit-in-au.de\/fia\/wp-json\/wp\/v2\/pages\/9","targetHints":{"allow":["GET"]}}],"collection":[{"href":"https:\/\/www.fit-in-au.de\/fia\/wp-json\/wp\/v2\/pages"}],"about":[{"href":"https:\/\/www.fit-in-au.de\/fia\/wp-json\/wp\/v2\/types\/page"}],"author":[{"embeddable":true,"href":"https:\/\/www.fit-in-au.de\/fia\/wp-json\/wp\/v2\/users\/1"}],"replies":[{"embeddable":true,"href":"https:\/\/www.fit-in-au.de\/fia\/wp-json\/wp\/v2\/comments?post=9"}],"version-history":[{"count":44,"href":"https:\/\/www.fit-in-au.de\/fia\/wp-json\/wp\/v2\/pages\/9\/revisions"}],"predecessor-version":[{"id":559,"href":"https:\/\/www.fit-in-au.de\/fia\/wp-json\/wp\/v2\/pages\/9\/revisions\/559"}],"wp:attachment":[{"href":"https:\/\/www.fit-in-au.de\/fia\/wp-json\/wp\/v2\/media?parent=9"}],"curies":[{"name":"wp","href":"https:\/\/api.w.org\/{rel}","templated":true}]}}